igit of 84/(-63)*z/2?
1
Let z(x) = -200*x + 1440. What is the tens digit of z(-56)?
4
Let v(q) = -138*q + 12810. What is the hundreds digit of v(88)?
6
Suppose 0 = -2*p - 4*g + 3156, 0 = -5*p - g + 1197 + 6693. Suppose -4*n = 3*d - 6327, n - p = -0*d + 3*d. What is the tens digit of n?
8
Let p be (-4869)/(-6)*(-4)/6. Let g = 60 - p. Let j = g + -357. What is the hundreds digit of j?
2
Let o be (-11)/(-3) + (-10)/15. Suppose o*d - 219 = -m, -7*m - 4*d - 233 = -8*m. What is the hundreds digit of m?
2
Let h be (-15)/12 - (-8)/((-256)/(-26440)). Let m = h - 676. What is the units digit of m?
9
Let t be -18*12/(-81)*3/4. Suppose -v = -t*n + 447 + 667, 0 = -2*n - 2*v + 1120. What is the tens digit of n?
5
Let y(p) = -2*p + 12. Let u be y(5). Let a be (-9)/(6/u) - 37. Let s = a + 55. What is the tens digit of s?
1
Suppose 9390 = 7*t + 23*t. What is the hundreds digit of (12/(-2))/(-3) + -1 + t?
3
Let u(b) = -4*b**3 - 14*b**2 - 21*b + 77. What is the tens digit of u(-12)?
2
Let q = -32 + 38. What is the units digit of (-88*q)/((-36)/24)?
2
Let f(j) = 2*j - 28. Let d(v) = -v + 14. Let l(t) = -5*d(t) - 3*f(t). Let c be l(9). Suppose -c*i = 2*i - 112. What is the tens digit of i?
1
Suppose 5*j - 1 - 24 = 0. Suppose -24 = -4*p - j*l, p - 3*l = -p + 12. What is the units digit of (-3)/(-2)*-4*(-61)/p?
1
Let r(f) = 10*f**2 - f**3 + 43 - 37 - 13*f - 25. Let g be r(8). Suppose 2*u - 11*s + 8*s - 200 = 0, -g*u + 526 = -s. What is the tens digit of u?
0
Let n(z) = 13*z**2 + 1 - 2*z**2 + 163*z - 176*z. What is the units digit of n(-7)?
1
Let h = 133 + -51. Let m = h - 82. What is the hundreds digit of m + (-4)/6 - 8270/(-30)?
2
Let a(z) = -5*z. Let c(l) = -l**2 - 1. Let n(g) = a(g) - c(g). Let o(s) = s**2 - 13*s - 293. Let v be o(-12). What is the units digit of n(v)?
5
Suppose 0 = 4*v + g - 1427 - 636, 0 = -3*v - 4*g + 1557. Let q = v + -246. What is the tens digit of q?
6
Suppose 0 = -4*m + 4*t + 12864, -t - 4431 - 2005 = -2*m. What is the hundreds digit of m?
2
Suppose -5*h + 23 = 3*p, -4*h + p + 11 = -4*p. Suppose -4 = -4*v, h*v - 1703 = -5*l + 6*v. What is the units digit of l?
1
Let y(w) = 60*w - 223. Let a(f) = -60*f + 223. Let d(b) = -4*a(b) - 5*y(b). What is the hundreds digit of d(-8)?
7
Let q(w) = 17*w**2 + 11*w - 81. Suppose -569 + 597 = 4*p. What is the tens digit of q(p)?
2
Suppose 0 = 19*i - 47434 - 480880. What is the hundreds digit of i?
8
Suppose -3*t = 2*k - 33950, 8*k - 3*k = -40. What is the ten thousands digit of t?
1
Suppose 177*i - 4*x = 174*i + 59977, 3*i = -x + 60017. What is the units digit of i?
3
Let g = -13 - -17. Let z be (-143)/52*g*5. What is the tens digit of (-33)/z - (-304)/10?
3
Let g = -62 - -68. Suppose g = -5*w + 21, 0 = 5*u - 5*w + 105. Let m = 84 + u. What is the units digit of m?
6
Let c(x) = -3*x + 2. Suppose f - 5*v - 16 = -1, -5*f = -3*v - 31. Suppose -61 = f*j + b, j + 7*b + 17 = 2*b. What is the units digit of c(j)?
8
Suppose -3186 = -3*l - 756. Suppose v + 3*v = 4*g - 3176, g - l = -3*v. What is the units digit of g?
8
Suppose 0*u + b = u - 59, 3 = 3*b. What is the units digit of 440/(-6)*u/(-40)?
0
Let l = -20788 + 32581. What is the tens digit of l?
9
Suppose -195 = -12*z - 3*z. Suppose j = z - 9. Suppose b - j*g - 60 = -g, 3*g = 4*b - 195. What is the tens digit of b?
4
What is the hundreds digit of (-8 - 150/(-20))*-20798?
3
Suppose -10*d + 441124 = -3*j, 91*d - 5*j = 89*d + 88260. What is the thousands digit of d?
4
Suppose 6 = -12*z + 18*z. Let m(w) = -1. Let d(l) = -83*l - 1. Let s(y) = z*d(y) - 3*m(y). What is the units digit of s(-1)?
5
Suppose 5*t + 2*s - 17 = 1, 16 = 4*t + 2*s. Let j be (12/3)/(-16)*(t - 14). Suppose -95 = -j*q + 28. What is the tens digit of q?
4
Suppose -28*z = -37*z + 54. Let v = -25 + 21. What is the tens digit of (-2961)/(-27) + v/z?
0
Suppose 0*u - 3*u = -378. Suppose -2*x + 55 = -z, 3*z + 2*x - 33 = -190. Let k = u + z. What is the units digit of k?
3
Let d(z) = 5*z**2 + 3*z + 50. Let h be d(7). Let b = h - -101. What is the units digit of b?
7
What is the hundreds digit of ((384/(-48))/8)/((-2)/13288)?
6
Let f = 97 + -100. Let c be 2 - (-89 + (-6)/f) - 3. Let l = 131 - c. What is the tens digit of l?
4
Let i = 36455 + -21931. What is the hundreds digit of i?
5
Suppose -49*m = 178607 - 568549. What is the hundreds digit of m?
9
Let u be (3/(-2))/(8*(-8)/128). Suppose -b + 2*v = -157, 2 = u*v + 17. What is the hundreds digit of b?
1
Let u be 10/12*-2*(-6)/1. Suppose u*d + 18 = 16*d. Suppose 18 = 3*q - d. What is the units digit of q?
7
Suppose 4*n = 5*m - 8, -m + 6*m = -2*n - 4. Let j = n - -7. Suppose -5*k = -4*k + j*u - 106, -5*k = -2*u - 395. What is the tens digit of k?
8
Suppose -5*z - 4 = 2*p + 25, z = -5*p - 38. Let w(t) = 2*t**2 - 7*t - 12. What is the units digit of w(p)?
5
Let y(n) = 646*n - 132. Let m be y(18). Suppose m - 1920 = 21*h. What is the tens digit of h?
5
Let j = 25 - 41. Let m = -11 - j. Suppose 163 = m*g - 287. What is the units digit of g?
0
Suppose 3*h = 23 + 145. Let z = 56 - h. What is the units digit of ((-12)/8)/(z + 3/(-92))?
6
Suppose 7*z + 180 = -65. Let g = 149 + -81. Let q = g + z. What is the tens digit of q?
3
What is the tens digit of (16551 - 77)*(0 - -5)?
7
Let f be ((-18)/8)/((-17)/8 + 2). Suppose 0 = 2*n - 6*n - 5*r - 2, 4*n = 5*r + f. Suppose 49 = -n*c + 273. What is the hundreds digit of c?
1
Let r = -614 + 1014. Suppose 5*q - 300 = -3*o, 0*o + 5*q - r = -4*o. What is the tens digit of o?
0
Let s = 101303 + -66463. What is the thousands digit of s?
4
What is the thousands digit of ((-2 + 1)/(-1))/(3 - 1054130/351380)?
5
Let o(i) = -i**2 + 13*i - 30. Let a be o(10). Suppose -s - 1 + 108 = a. What is the tens digit of s?
0
Let o = -3320 - -15254. What is the ten thousands digit of o?
1
Let x = 152 - 148. Suppose 2*a = x*l + 1868 - 5238, -4*a - 4205 = -5*l. What is the hundreds digit of l?
8
Let s(a) = -3*a + 52. Suppose 0 = -5*p - 4*h + 108, 0 = -4*p - 0*h - h + 82. Let z be (4/(-8) + 1)*-6 - p. What is the hundreds digit of s(z)?
1
Suppose 1534 = -21*c + 4495. Suppose 0 = -3*l - 81 + c. What is the units digit of l?
0
Let b = 4177 + -2314. What is the units digit of (8 + -3)/5*(b - 2)?
1
Let b be (2 + -18)*(-585)/(-30). Let i = 488 + b. What is the hundreds digit of i?
1
Suppose 0 = 10*s - 41*s + 341. Let x(d) = d. Let w(g) = -14*g - 26. Let t(y) = -w(y) - 5*x(y). What is the hundreds digit of t(s)?
1
Let h(z) = 2*z**2 - 13*z. Let y be h(7). Suppose 5*d + y - 512 = 0. Let u = d - 41. What is the tens digit of u?
6
Let p = -137 + 142. Suppose -p*i + 1117 = -x + 2*x, x = -4*i + 1118. What is the units digit of x?
2
What is the thousands digit of -982*484/154*(-6 - 1)?
1
Let j(n) = n**3 - 4*n**2 - 16. Let f be j(9). Let d = f + -56. What is the units digit of d?
3
Let x(p) = 9*p**2 + 482*p + 42. What is the ten thousands digit of x(-85)?
2
Suppose -4*h - 5*t = -31, 3*t - 52 = -3*h + 5*t. Let s(r) = 3*r**2 - r - 9. What is the tens digit of s(h)?
6
Suppose 4*r + 0*r - 38189 = -13413. What is the units digit of r?
4
Let v = -6 + 12. Suppose 3 = 3*f - 4*j + j, -3*j + 21 = 9*f. Suppose 28 = f*w + 4*o, -4*w + v = -3*w + 4*o. What is the tens digit of w?
2
Let q be (3/(-2))/(13/(-9178)). What is the hundreds digit of 0 + 1 + q + -7?
0
Let q(y) = -y - 21. Let o be q(-25). Suppose -3*j - 2*l + 1524 = 0, -o*j - 2*l = j - 2540. What is the units digit of j?
8
Let z = -13514 - -23220. What is the thousands digit of z?
9
Let h be (-466)/22 + 3 + (-31)/11. What is the hundreds digit of (-2229)/h - 2/14?
1
Let y(x) = 3*x + 86. Let z be y(-22). Suppose 33*v - z*v - 12597 = 0. What is the units digit of v?
9
Let n(f) = -8*f**2 + 6*f - 30. Let c(q) = 16*q**2 - 13*q + 61. Let y(b) = -2*c(b) - 5*n(b). What is the units digit of y(4)?
0
Let d be ((-100)/75)/((-1)/3). Suppose d*s + 13 = 2*l + s, 2*s = 5*l - 49. What is the tens digit of l?
1
Let s(y) = 350*y**3 - y**2 + 3*y - 2. Suppose 5*i = -9 + 14. What is the hundreds digit of s(i)?
3
Suppose -2*z + 5*d = -14270, -d - 17597 = -4*z + 10961. What is the hundreds digit of z?
1
Let j(t) = t**3 + 23*t**2 - 32*t - 47. Let l(q) = 18*q + 12. Let u be l(-2). What is the units digit of j(u)?
5
Suppose 4*j = 229 + 47. Let c(m) = -2*m**2 + 19*m + 9. Let v be c(8). Let s = v + j. What is the units digit of s?
2
What